c. What are the prime factors of g?
1801
Let s = 3048 - 2520. What are the prime factors of s?
2, 3, 11
Let y = -22354 - -38125. What are the prime factors of y?
3, 7, 751
Let m(z) = z**3 - 20*z**2 - 16*z + 494. What are the prime factors of m(22)?
2, 3, 5, 37
Let u(q) = -66*q**3 - 2*q - 2. Let z be u(-1). Let a = 552 + z. List the prime factors of a.
2, 3, 103
Suppose -8*k = -5*k - 186. Let h be (-19)/(-57) - k/6. Let p = 16 + h. List the prime factors of p.
2, 3
List the prime factors of -7170*(-74)/63 + (-4)/(-42).
2, 4211
What are the prime factors of ((-18)/8)/(411/(-6446672))?
2, 3, 17, 173
Let l = -41 - 340. Suppose -16338 = 140*v + 37*v - 125193. Let u = v + l. List the prime factors of u.
2, 3, 13
Let x be 8/(-20) - 8/5. Let h be x/(2 - (-280)/(-142)). Let k = 137 + h. List the prime factors of k.
2, 3, 11
Suppose 5*h = -9 + 19. Suppose 0 = -2*j + h*x + x + 237, 2*j + 4*x = 258. What are the prime factors of j?
3, 41
Let o(c) = 2*c + 11. Let x be o(-3). Suppose 0 = x*w - w. Suppose w = -k - 2*k + 195. What are the prime factors of k?
5, 13
Suppose -13*o = -14*o - 8*d + 60178, 0 = o - d - 60169. List the prime factors of o.
2, 5, 11, 547
Let p = -15498 - -38052. List the prime factors of p.
2, 3, 7, 179
Suppose -5*u + 10 = -3*p + 4*p, -3*p = -u + 50. What are the prime factors of (11 + p)*(-180)/8?
2, 3, 5
Let b be (12/(-8))/((-5)/10). Suppose 5*r - 33 = -2*s, s - 3*r + 11 = -0. Suppose -s*l + 100 = -b*l. What are the prime factors of l?
2, 5
Let d = 3296 + 2020. What are the prime factors of d?
2, 3, 443
Let c be 9*-1*70/(-30). Let i(q) = 17*q - 74. List the prime factors of i(c).
283
Let m = 77 - 75. Let y be (103 - -3) + -1 + m. Suppose -9*r + y = -136. List the prime factors of r.
3
Suppose -d - 5*c + 12515 - 2949 = 0, 2*d - 19143 = c. What are the prime factors of d?
17, 563
Let a(r) be the third derivative of -17*r**4/2 - 12*r**3 + 25*r**2. List the prime factors of a(-3).
2, 3, 5
Suppose -2*b - 16*a = -18*a - 4, 4*a + 15 = -3*b. What are the prime factors of (-16)/(-5*b/(-20))?
2
Suppose 21*m + 0*m - 63 = 0. What are the prime factors of ((-7422)/12 - -6)/(m/(-6))?
5, 7
Let v(r) = -r**3 + 5*r**2 - 4*r. Let o be v(3). Let j be 161/49 + o/(-21). Suppose -186 = -3*g + 3*y, -2*g - 5*y = -j*g + 42. What are the prime factors of g?
67
Let r(h) = -32*h + 114. Suppose -4*n + 4 = 0, 29 = -2*o + 3*n - 4. What are the prime factors of r(o)?
2, 3, 11
Let r = 68870 + -32882. What are the prime factors of r?
2, 3, 2999
Let b be ((-242)/8)/(-1) + (-3)/12. Let m = b - -96. Let p = -49 + m. What are the prime factors of p?
7, 11
Suppose -40 = -5*f + 3*r, 5*f + 10 = -3*r + 20. Suppose f*w + 831 = 4251. What are the prime factors of w?
2, 3, 19
Let c(j) = -j**2 - 14*j - 11. Let z be c(-13). Suppose 2*r = 4*r - 8. Suppose 5*d - 32 = -r*q + q, -3*d + 22 = z*q. What are the prime factors of q?
2, 7
Let g = 87 - 88. Let i be (g/2*-4)/1. List the prime factors of -1*3 + i + -9 + 103.
3, 31
Let h = -30 + 1. Let x(r) = -12*r + 80. List the prime factors of x(h).
2, 107
Suppose -11*z = -38859 - 242653. What are the prime factors of z?
2, 7, 457
Let j = -349 - -359. Suppose -495 = -j*k + 2275. List the prime factors of k.
277
Let u = -2566 - -8086. List the prime factors of u.
2, 3, 5, 23
Suppose -2*f = 4*a - 12, 5*f = -5*a + 29 - 9. Suppose -f*c + 6*i + 1406 = 4*i, 2*c = -3*i + 1401. List the prime factors of c.
2, 3, 13
Let q = -5336 + 25237. List the prime factors of q.
7, 2843
Suppose 14*o + 145 = 15*o. Let a = o - -33. List the prime factors of a.
2, 89
Suppose 5*a - 20 = -10. Suppose -k - 33 = -31, 0 = -a*v + 3*k + 602. List the prime factors of v.
2, 149
Suppose 5*m = -m + 96. Let y(x) = x**3 - 15*x**2 - 15*x - 13. Let v be y(m). List the prime factors of -8 + 6 + v + 161.
2, 3
Let o = 3688 - -255. Suppose 4*f = -2*u + 769 + o, -3*f - 5*u = -3548. List the prime factors of f.
2, 3, 7
Suppose -77583 = -76*m + 121765. List the prime factors of m.
43, 61
Suppose -232*b + 45720 = -224*b. Let v = b + -4053. List the prime factors of v.
2, 3, 277
Let u(j) = -5*j - 56. Let x be u(-17). Let q(t) = -t**3 + 32*t**2 - 46*t + 28. What are the prime factors of q(x)?
1217
Suppose -2*c + 2*g = c + 2, 4*g = 4*c + 8. What are the prime factors of 138 - -35 - (-10)/(c/(-1))?
2, 3, 7
Let m = 456 - -375. Suppose -m = -3*i + 3*f, 0*f = 3*i - f - 837. List the prime factors of i.
2, 5, 7
What are the prime factors of 1 + 203/(-189) - (-2)/54*296570?
2, 1373
Suppose -60*i + 56*i = -3064. Suppose 4*p - 2198 = i. List the prime factors of p.
3, 13, 19
Suppose -3774*g + 708265 = -3742*g - 576151. List the prime factors of g.
2, 7, 47, 61
Suppose 9755536 = 154*i + 447776. What are the prime factors of i?
2, 5, 1511
What are the prime factors of ((-143)/(-429))/((-2)/(-11418))?
11, 173
Let i(u) = 4*u**3 - 5*u**2 + 7*u - 9. Suppose -35*n + 40*n = 15. List the prime factors of i(n).
3, 5
Suppose -8*v = -51 + 35. Let k(a) = 147*a**2 + 41*a - 84. What are the prime factors of k(v)?
2, 293
Let n(q) = q**2 - 15*q + 56. Let t be 12 - 4 - (1 - 2). Let m be n(t). Suppose m*z = -3*g + 61, -2*z - 9 = 4*g - 75. What are the prime factors of z?
23
Suppose 3*x - 3*u = -3, -9 = 4*x - x + 3*u. Let y be x + 29*(1 + 0). Let f = 49 + y. What are the prime factors of f?
2, 19
Let k = -367 - -97. Let p = -184 - k. What are the prime factors of p?
2, 43
Suppose 0 = s - 247 - 109. List the prime factors of s.
2, 89
Let d(o) = 158*o - 63. Let w be d(6). Suppose w = 6*p - 3789. What are the prime factors of p?
19, 41
List the prime factors of 177007/21 - 32/(-336).
8429
Suppose 0 = m + z - 3335, 5*m - 4*m - 3325 = -3*z. Suppose 2*c = -2*c - 3*o + 2672, 5*c - m = -o. What are the prime factors of c?
2, 167
Suppose 4*y = -4*j + 774 - 34, 4*j + y - 737 = 0. Let q = j - 9. What are the prime factors of q?
5, 7
Suppose 0 = 16*z - 12990 - 109762. List the prime factors of z.
2, 7, 137
Let x be (-28)/(-35)*(-2090)/(-4). Suppose 0 = 12*k - x - 1610. List the prime factors of k.
13
Suppose 5*y + 7*z = 5*z + 4106, -2*y + 1634 = -2*z. Suppose 2*k + 5*o = 1631, 7*o - 11*o = k - y. List the prime factors of k.
2, 101
Let i(c) = -c**3 - 2*c**2 - 2*c + 66. Let p be 8/(24/6) + 5. Suppose 4*j = p*j. What are the prime factors of i(j)?
2, 3, 11
List the prime factors of (-7854)/(-18)*(-60)/(-40)*2*6.
2, 3, 7, 11, 17
Suppose -146 = -14*t + 33874. Let r = t + -1383. What are the prime factors of r?
3, 349
Suppose -2*j - 2088 = 4*x, -5*j - 5*x = -2*j + 3134. Let a = 624 - j. List the prime factors of a.
2, 11, 19
Let d(q) = q**2 + 45*q - 43. Let c be d(-46). Suppose -6*w - o + 2296 = -c*w, o + 772 = w. List the prime factors of w.
13, 59
Let l = -31 - -37. Suppose -4*p - 44 = -l*p. Suppose -27 = 3*m + 4*y - 93, 3*y = -m + p. List the prime factors of m.
2, 11
Suppose -23*x + 744 = -21*x - 2*i, 4*i - 1504 = -4*x. List the prime factors of x.
2, 11, 17
Suppose -106*w - 86270 = -116*w. What are the prime factors of w?
8627
Suppose -6852 = -p - 3*d, 10*d = 8*d. What are the prime factors of (p/24 - -6)*(2 + 0)?
11, 53
Let u(c) = 47*c**3 + 5*c**2 - 2*c - 6. Let l be u(3). Suppose 0*s + 2*s = 4*f - l, -639 = -2*f + 5*s. What are the prime factors of f?
3, 109
Suppose 3*p - 2*b - 6 = -p, -4*p + 5*b = 9. What are the prime factors of 304/10*50/p?
2, 5, 19
Let x be 6*3/(-18)*22. Let m = x - -44. Suppose p = 6 + m. List the prime factors of p.
2, 7
Let z = 13484 + -10254. What are the prime factors of z?
2, 5, 17, 19
Let s(k) = -1757*k - 465. List the prime factors of s(-4).
6563
Let f(a) = 13*a**2 - 1. Let b be f(-2). Let m = 77 - 33. Let t = b - m. What are the prime factors of t?
7
Suppose 8*o - 23 = 1. Suppose -5*v + 6 = -o*v. What are the prime factors of 36 + 1 + v + -2?
2, 19
Suppose -4627 = 5*n + 3*a - 5*a, -n - 915 = -3*a. Let w = n + 2040. What are the prime factors of w?
3, 7, 53
Suppose 0 = -5*r + r + 440. Let g(c) = -c**3 - 6*c**2 + 6*c + 35. Let o be g(-4). List the prime factors of o/(-27) + -1 - r/(-9).
2, 3
Let j(v) = -386*v + 954. What are the prime factors of j(-58)?
2, 11, 1061
Suppose 4*q + 1603 = 5*i, -i = q - 176 - 141. Let j = i - 205. What are the prime factors of j?
2, 3, 19
What are the prime factors of (-13480)/(3 + -8) - -10?
2, 3, 11, 41
Let q(z) = -z**3 + 13*z**2 + 9*z + 12. Let u(k) = -3*k + 40.